2490?
498
Calculate the greatest common factor of 3806806 and 1072.
134
Calculate the highest common factor of 550716928 and 32.
32
What is the greatest common factor of 5709 and 27264627?
519
What is the highest common factor of 108 and 8652480?
12
Calculate the greatest common factor of 808168 and 56.
8
Calculate the highest common factor of 128514856 and 1016.
1016
What is the greatest common divisor of 1440 and 145215?
45
Calculate the highest common divisor of 9 and 1040643.
9
What is the greatest common factor of 1227110 and 160366?
886
What is the greatest common factor of 30513286 and 11494?
1642
What is the greatest common factor of 16033546 and 1172?
586
What is the greatest common divisor of 101240 and 4990?
10
Calculate the highest common divisor of 450891 and 45339.
357
What is the highest common factor of 168 and 148785672?
168
Calculate the highest common factor of 1495775506 and 746.
746
What is the greatest common factor of 203 and 37679642?
203
What is the highest common factor of 162 and 18065700?
54
What is the greatest common factor of 20698 and 9954?
158
Calculate the highest common divisor of 449351628 and 1584.
132
What is the greatest common factor of 115935 and 27975?
15
What is the greatest common factor of 53352 and 1485?
27
What is the greatest common factor of 4 and 1682413?
1
What is the highest common divisor of 141 and 3236608?
47
What is the highest common divisor of 51946 and 488566?
38
Calculate the highest common factor of 3018 and 141999918.
3018
What is the greatest common factor of 5415506 and 86?
86
Calculate the highest common divisor of 13488291 and 1557.
1557
Calculate the greatest common divisor of 218446756 and 44.
44
What is the highest common factor of 1353 and 397353?
33
Calculate the greatest common divisor of 16899 and 1538454.
129
Calculate the greatest common factor of 155741799 and 217.
31
What is the greatest common divisor of 4735476 and 112212?
108
What is the greatest common factor of 8145 and 70459680?
2715
What is the highest common divisor of 916972 and 52?
4
What is the highest common factor of 2019063 and 7911?
879
Calculate the highest common divisor of 191163075 and 25.
25
What is the highest common factor of 4774807 and 17?
17
What is the greatest common factor of 286769644 and 9169?
9169
Calculate the highest common divisor of 2344 and 130094344.
2344
Calculate the greatest common divisor of 20 and 2480710.
10
What is the greatest common factor of 2217042 and 504?
18
What is the highest common divisor of 2939678 and 413?
7
Calculate the greatest common divisor of 20277 and 113508.
27
What is the greatest common factor of 2472085 and 1540?
385
What is the highest common divisor of 23069 and 7729?
59
What is the greatest common factor of 10 and 273892?
2
What is the highest common divisor of 145130210 and 145?
145
What is the highest common factor of 42174300 and 60?
60
Calculate the highest common divisor of 255 and 144034557.
51
Calculate the greatest common factor of 44 and 3514204.
4
Calculate the highest common factor of 74261155 and 4895.
445
Calculate the highest common divisor of 105595 and 4469470.
2155
Calculate the greatest common factor of 23771 and 19954.
11
Calculate the greatest common factor of 2906 and 1270209694.
2906
What is the greatest common factor of 2332 and 268488?
44
What is the greatest common factor of 7712746 and 722?
38
What is the highest common factor of 10 and 202537070?
10
What is the greatest common factor of 184898 and 205296?
658
Calculate the greatest common divisor of 59141521 and 1581.
527
What is the highest common factor of 595 and 218015?
35
What is the greatest common divisor of 31860 and 921780?
540
Calculate the highest common divisor of 70426335 and 150.
15
What is the highest common divisor of 5669433 and 63?
63
Calculate the highest common factor of 131817665 and 41.
41
Calculate the greatest common factor of 146328 and 557976.
1608
What is the greatest common factor of 95546 and 1703746?
946
What is the greatest common factor of 44 and 3364031?
11
Calculate the greatest common divisor of 6250 and 39471875.
3125
What is the greatest common factor of 31944 and 11208?
24
Calculate the highest common factor of 1042360 and 86680.
440
What is the highest common factor of 61898586 and 1305?
87
Calculate the greatest common factor of 24904 and 1246049.
283
Calculate the highest common divisor of 11742410 and 153.
17
Calculate the highest common divisor of 261193 and 182439.
233
What is the highest common factor of 1035 and 1951920?
45
Calculate the highest common factor of 2188279677 and 62.
31
Calculate the greatest common factor of 54 and 778476.
6
What is the greatest common factor of 1247 and 1965057?
43
Calculate the greatest common factor of 2156 and 6177248.
308
What is the highest common factor of 1586626653 and 3166?
1583
What is the highest common divisor of 237 and 48004903?
79
What is the highest common divisor of 13742886 and 1376?
86
What is the greatest common divisor of 27554920 and 184?
184
What is the greatest common factor of 8736 and 41979?
21
What is the greatest common factor of 5439 and 9919?
7
What is the highest common factor of 4065948 and 901?
53
Calculate the greatest common factor of 43619684 and 92.
92
What is the highest common divisor of 109496090 and 41085?
4565
Calculate the greatest common factor of 413904771 and 42.
21
What is the greatest common factor of 14432 and 1312615?
41
Calculate the greatest common divisor of 667 and 932959.
29
Calculate the greatest common divisor of 814884 and 137060.
2492
What is the greatest common divisor of 2566971 and 4212?
81
Calculate the highest common factor of 409788176 and 112.
112
What is the highest common divisor of 269041452 and 1896?
948
Calculate the highest common divisor of 9075 and 6499515.
1815
What is the greatest common divisor of 3081 and 2773862?
13
Calculate the greatest common divisor of 15076331 and 2397.
799
What is the greatest common factor of 142736945 and 130?
65
What is the greatest common divisor of 732852942 and 32595?
6519
What is the greatest common divisor of 118309 and 37393?
613
What is the greatest common factor of 577809911 and 343?
343
Calculate the highest common factor of 262850590 and 1230.
410
What is the highest common factor of 2659430 and 380?
190
Calculate the greatest common divisor of 126 and 12665534.
14
Calculate the greatest common factor of 652 and 40290666.
326
Calculate the highest common factor of 7315 and 19959016.
77
Calculate the highest common divisor of 4066672 and 6154.
34
Calculate the highest common factor of 124376 and 3824.
8
Calculate the greatest common divisor of 8523 and 29637.
9
What is the highest common factor of 25164230 and 15?
5
What is the greatest common factor of 2224508 and 345488?
572
Calculate the greatest common divisor of 2936738708 and 116.
116
What is the highest common factor of 3793189202 and 682?
682
What is the highest common factor of 118544 and 2702704?
496
What is the greatest common factor of 32 and 1712400?
16
Calculate the greatest common factor of 378 and 310146.
6
What is the highest common factor of 2071755 and 4865?
35
What is the greatest common divisor of 207856413 and 10983?
1569
What is the highest common divisor of 76422 and 3666?
282
Calculate the highest common factor of 80722392 and 24.
24
What is the highest common divisor of 154717 and 82688?
323
What is the greatest common factor of 24128 and 4424064?
64
What is the highest common factor of 136459986 and 272?
34
What is the highest common divisor of 10472046 and 351?
39
Calculate the greatest common divisor of 16 and 18953264.
16
Calculate the highest common factor of 3486541 and 298751.
1669
What is the greatest common factor of 14562 and 86886?
18
What is the highest common divisor of 8319795 and 2475?
165
Calculate the highest common factor of 248 and 27251108.
124
What is the greatest common divisor of 12026 and 304766?
14
Calculate the greatest common factor of 194376348 and 324.
324
Calculate the highest common divisor of 380 and 219196388.
76
Calculate the highest common divisor of 42 and 5480517.
21
What is the highest common divisor of 196054 and 7808?
122
Calculate the highest common factor of 461